= -5*p - 1296. What is the highest common factor of 46 and p?
46
Let r be -27*11/((-44)/24). Suppose -m - 5*p + 7 = 0, -2*m - p = 3*p - 2. Let i(c) = c**2 - 3*c. Let q be i(m). What is the greatest common divisor of q and r?
18
Suppose 3*d - n - 291 = 0, 3*n + n - 84 = -d. Suppose 0 = -3*q - 4*u + 72, 0 = q - u - 3*u - 24. What is the highest common factor of q and d?
24
Let n = 54 + -47. Suppose -3*x + 15 = 4*w, 5*x = -w - w + 25. Suppose x*f = 2*f + 147. What is the highest common divisor of n and f?
7
Suppose -o = 2*o - 3. Suppose p - o = 7. What is the highest common factor of p and 56?
8
Let k(y) = -y**2 - 6*y. Let d be k(-5). Suppose 4*q = -8 - 52. Let z be (-8)/(-10) - 663/q. What is the highest common factor of z and d?
5
Let p(d) = -27*d + 234. Let q be p(7). Calculate the highest common divisor of q and 162.
9
Let l = -190 + 200. Let k be (-2)/1 + 6/2. What is the greatest common divisor of k and l?
1
Suppose 41 = 5*l + 1. Let i be (l/(-28) - (-914)/14) + 0. Suppose -2*a + 65 = 3*a. What is the highest common divisor of i and a?
13
Let t(m) = -m**3 + 17*m**2 - 142 + m + 69 + 72. Let w be t(17). What is the greatest common divisor of w and 32?
16
Suppose -2*m + u + 37 = -34, 0 = 2*m + 5*u - 89. Let y = m + -29. What is the greatest common divisor of 64 and y?
8
Let v = -4 - -5. Suppose -18*j + 70 = -74. Calculate the highest common divisor of v and j.
1
Let c(t) = 14*t**2 + 123*t - 1. Let x be c(-10). What is the greatest common divisor of 52 and x?
13
Let u(s) = 2*s - 2. Let x be u(2). Let j(k) = 2*k**2 + 198*k - 1943. Let w be j(9). What is the highest common divisor of x and w?
1
Suppose -2*h - 63 = -5*h. Let b be 592/14 - (-2)/(-7). What is the greatest common factor of h and b?
21
Let x(n) = 17*n - 3. Let a be x(1). Let y be (a + -16)/((-1)/2) + 59. What is the highest common divisor of y and 18?
9
Let v be 4/12 - 267/(-9). Suppose -4 = -5*a + 4*z + 64, 3*z = -3*a + v. Calculate the greatest common divisor of a and 18.
6
Suppose 3*r - 2*r - z = 44, -4*z = r - 49. Let j = r - 35. What is the greatest common factor of j and 110?
10
Let s(k) = k**3 + 31*k**2 + 62*k + 57. Let b be s(-19). Calculate the highest common factor of 19 and b.
19
Suppose 0 = -4*i + 12, 3*j + i = 5*i + 2844. Calculate the greatest common divisor of 56 and j.
56
Suppose -n + 1 = 0, 2*z + 4*n - 54 = -3*z. Suppose z*h = 5*h + 20. Suppose 0 = -3*g + h*g - 10. Calculate the highest common divisor of g and 10.
10
Suppose a + 0*a = -19. Let m be a - (-1 - -4)/3. Let s = m + 30. Calculate the greatest common divisor of s and 30.
10
Let t be (0 - -10) + 7/(49/(-14)). Let m be (-1)/((-9)/24)*54/t. What is the greatest common divisor of m and 27?
9
Suppose -47*c + 4*k + 48 = -46*c, 39 = c - k. Calculate the greatest common divisor of 36 and c.
36
Let g(b) = 79*b**2 - 40*b**2 - b - 38*b**2 + 10. Let k be g(-4). What is the greatest common divisor of 70 and k?
10
Suppose -11*v + 6*v + 240 = 0. Suppose 0*k - v = -3*k. Calculate the greatest common factor of 4 and k.
4
Suppose 0 = -14*i + 583 - 121. What is the highest common factor of i and 22?
11
Suppose 0 = 9*y - 54*y + 90. Calculate the greatest common divisor of y and 11.
1
Suppose -149*m + 396 = -145*m. What is the highest common factor of m and 66?
33
Let p(v) = -v**2 + 18*v + 7. Let n be p(9). Calculate the highest common factor of 836 and n.
44
Let q = -3 - -5. Let v be (-6)/2 + 4 + 3. Suppose q*g = -5*t + t + 30, 0 = v*t - 4*g - 60. Calculate the greatest common factor of 5 and t.
5
Let w be 0*4/(-24)*-2. Suppose w*k + 3*p = 2*k - 60, 2*p + 56 = 2*k. What is the highest common divisor of 3 and k?
3
Suppose 3*r + 3*s = 24, -4*s + 40 = -0*r + 5*r. Let m be 4/(7/(812/r)). Suppose 3*b = 20 + m. Calculate the greatest common factor of 182 and b.
26
Let c = 277 - 185. What is the highest common factor of 782 and c?
46
Suppose -6 - 4 = -2*w. Suppose -2*a = -d, 0*a + 2*a - 2*d = -4. Let n be (w - -15) + 0 + a. Calculate the greatest common factor of n and 44.
22
Suppose -4*z = -5*i - 9*z + 25, -5*i + 3*z + 9 = 0. Suppose -m - 5*l + 2*l = -33, 2*m = i*l + 111. What is the greatest common factor of 6 and m?
6
Suppose 248 = -3*x - 436. Let y = -148 - x. Suppose -5*n = i - 4*i + 96, -5*i = -3*n - 160. Calculate the greatest common divisor of y and i.
16
Let a(o) = 3*o**2 - 10*o - 27. Let k be a(6). What is the greatest common factor of k and 210?
21
Suppose -60*x + 5040 = -51*x. What is the highest common divisor of x and 120?
40
Let d(l) = 8*l + 73. Let x be d(-8). Suppose -4 = -5*m + 6. Let o(s) = 12*s**2 - 3*s + 3. Let r be o(m). Calculate the highest common divisor of x and r.
9
Let l = 61 + -42. Suppose 0 = -w + l + 5. What is the greatest common factor of w and 3?
3
Suppose 0 = -14*r + 9*r + 30. Suppose -r*z = -7*z + 10. What is the highest common divisor of z and 20?
10
Let q(c) = c**3 + 6*c**2 + 2*c - 5. Let g(l) = l**2 - l + 1. Let v(u) = 5*g(u) + q(u). Let t be v(-11). Calculate the greatest common divisor of t and 33.
33
Let l(t) = -t**2 - 18*t + 24. Let s be l(-17). Calculate the greatest common divisor of s and 82.
41
Let c(u) = -4*u - 8. Let q be c(-3). Suppose 68 = q*s - 16. Suppose -s = -6*f + 21. What is the highest common factor of 35 and f?
7
Let n be (6/4)/1 + (-845)/(-26). What is the highest common divisor of 323 and n?
17
Let u = 467 - 425. What is the greatest common divisor of 1050 and u?
42
Suppose -8*n = -12*n + 44. Let p be 9 - -2*(-3)/2. Suppose -p*r + 363 = -3*r. Calculate the highest common factor of r and n.
11
Suppose -3*l - 101 + 296 = 0. Suppose -2*s = 3*s - l. Calculate the highest common divisor of s and 91.
13
Let c be (3 + (-21)/9)*-18. Let m = 11 - c. Suppose -3*w + m = -16. What is the greatest common divisor of 91 and w?
13
Let g be 20/35 + (-3176)/(-28). Calculate the greatest common divisor of 42 and g.
6
Suppose 0 = -5*u - z + 721, 3*u - 5*z - 222 = 205. What is the greatest common divisor of u and 48?
48
Suppose -3*v + 5*z = -0*v - 140, 4*v - 3*z = 194. Let c = -14 + v. Calculate the greatest common divisor of 12 and c.
12
Suppose 4*f - 26 = 18. Let u be (5 - 2 - -1) + 40. Calculate the highest common divisor of f and u.
11
Let w = -15 - -12. Let b be -2 + (w - -7) + 15. What is the highest common factor of 119 and b?
17
Let n be (-15592)/(-72) - (-12)/27. What is the highest common divisor of 31 and n?
31
Let p be 3087/54 + 0 + 2/(-12). What is the greatest common divisor of p and 361?
19
Let t(y) = 52*y + 4. Let k be t(9). Let a = k - 256. What is the highest common divisor of a and 27?
27
Let s be (2 - 0)/(3/54). Suppose 3*p = 27 + s. What is the highest common factor of p and 84?
21
Let j(u) = -17*u + 13. Let o be j(6). Let m = -37 - o. Suppose 2*n + 2*p - m = -2*n, -2*n = 3*p - 22. What is the highest common factor of n and 42?
14
Let f(w) = 3*w - 1 - 3*w - 4 + 3*w. Let x be 6/3 + (-9)/(-1). Let j be f(x). Calculate the highest common divisor of 7 and j.
7
Let u be ((-5)/(-4))/((-7)/28). Let l be (1 + 0)/(u/415). Let m = 146 + l. What is the greatest common divisor of m and 42?
21
Let v = 102 - 72. Suppose 6*r - 2*c - 30 = 3*r, c + v = 3*r. What is the greatest common divisor of r and 35?
5
Suppose -5*q + 575 + 665 = 0. What is the highest common factor of q and 31?
31
Let i(r) = 4*r + 4. Let k be i(3). Suppose 4*x = -2*m + 34, -2*x + 3*x = -4*m + 82. Let b = m - 13. What is the greatest common divisor of k and b?
8
Let g be 60*((-2)/(-6) - (-11)/12). Suppose 3*i = 3*p - 25 - 50, 25 = p - 2*i. What is the highest common divisor of p and g?
25
Let q(z) = -z**2 + 18*z - 31. Let w be q(6). What is the greatest common factor of w and 533?
41
Suppose 10*q + 59 - 139 = 0. Calculate the greatest common factor of q and 10.
2
Suppose 11*n = 144 + 219. Calculate the greatest common factor of 11 and n.
11
Suppose -2*i - 59 = -a - 576, -5*i + 2*a = -1295. Calculate the highest common factor of i and 174.
87
Let z(h) = 7*h**2 + 388*h + 919. Let m be z(-53). Suppose 3*d - 12 = 0, -7 = -2*a + 5*a + 2*d. Let u = a + 7. What is the greatest common factor of u and m?
2
Let d = 127 - 111. Let p(j) = j**2 + 16*j - 9. Let w be p(-7). Let x = w + 248. Calculate the greatest common divisor of x and d.
16
Let x = 1601 + -1195. Calculate the highest common divisor of x and 14.
14
Suppose 15*b +